
94
What is the greatest common factor of 4320 and 1248?
96
What is the highest common divisor of 623 and 712?
89
What is the highest common factor of 2068 and 572?
44
Calculate the highest common divisor of 4750 and 1330.
190
What is the greatest common divisor of 11 and 539?
11
What is the greatest common divisor of 5640 and 120?
120
What is the greatest common divisor of 13 and 1079?
13
Calculate the highest common factor of 31535 and 119.
119
What is the greatest common divisor of 841 and 319?
29
Calculate the greatest common divisor of 80 and 5.
5
Calculate the highest common factor of 555 and 20.
5
Calculate the greatest common divisor of 890 and 10.
10
Calculate the highest common factor of 209 and 57.
19
What is the greatest common divisor of 1170 and 13?
13
What is the greatest common divisor of 69 and 12?
3
What is the highest common divisor of 84 and 36372?
84
Calculate the highest common factor of 101 and 4848.
101
Calculate the greatest common factor of 162 and 864.
54
Calculate the greatest common factor of 38714 and 26.
26
What is the highest common factor of 1311 and 69?
69
Calculate the greatest common factor of 42 and 140.
14
What is the highest common factor of 133 and 361?
19
Calculate the highest common factor of 203 and 21.
7
What is the highest common factor of 6 and 933?
3
Calculate the greatest common divisor of 8 and 82.
2
Calculate the highest common factor of 7 and 2653.
7
Calculate the greatest common factor of 9 and 288.
9
Calculate the highest common factor of 88 and 2816.
88
Calculate the greatest common factor of 166 and 17596.
166
Calculate the greatest common factor of 56 and 224.
56
What is the greatest common factor of 1120 and 105?
35
Calculate the highest common factor of 120 and 810.
30
Calculate the greatest common factor of 26 and 306.
2
What is the greatest common factor of 6 and 1623?
3
Calculate the greatest common divisor of 42 and 924.
42
What is the greatest common divisor of 3076 and 4?
4
What is the greatest common divisor of 441 and 3675?
147
What is the highest common divisor of 1157 and 39?
13
What is the highest common factor of 208 and 52?
52
What is the highest common factor of 122 and 305?
61
Calculate the greatest common divisor of 20 and 15.
5
What is the highest common divisor of 95 and 1311?
19
What is the greatest common divisor of 30 and 160?
10
Calculate the highest common divisor of 55 and 715.
55
Calculate the greatest common divisor of 62 and 775.
31
What is the highest common factor of 1840 and 80?
80
Calculate the greatest common divisor of 92 and 1242.
46
Calculate the greatest common divisor of 10 and 5470.
10
Calculate the greatest common factor of 189 and 84.
21
Calculate the highest common factor of 27 and 207.
9
What is the highest common divisor of 996 and 10?
2
Calculate the highest common divisor of 3 and 76.
1
What is the highest common divisor of 1605 and 30?
15
What is the greatest common divisor of 130 and 2054?
26
What is the greatest common divisor of 110 and 10?
10
What is the greatest common divisor of 693 and 63?
63
What is the highest common divisor of 440 and 11?
11
What is the greatest common factor of 152 and 1102?
38
What is the highest common divisor of 3 and 9969?
3
What is the highest common divisor of 10 and 435?
5
Calculate the greatest common divisor of 16 and 2704.
16
What is the highest common divisor of 14 and 22582?
14
What is the greatest common divisor of 12 and 180?
12
What is the highest common factor of 2101 and 11?
11
What is the greatest common divisor of 432 and 16?
16
What is the highest common divisor of 7995 and 1640?
205
Calculate the highest common factor of 44 and 836.
44
What is the highest common factor of 4148 and 17?
17
Calculate the greatest common divisor of 1197 and 6327.
171
Calculate the highest common divisor of 3375 and 45.
45
Calculate the highest common divisor of 8 and 2560.
8
Calculate the greatest common divisor of 889 and 14.
7
Calculate the greatest common divisor of 2 and 448.
2
What is the greatest common divisor of 1218 and 42?
42
Calculate the highest common factor of 80 and 3860.
20
What is the highest common factor of 44 and 12?
4
What is the highest common factor of 131 and 3013?
131
What is the greatest common factor of 145 and 66265?
145
Calculate the greatest common factor of 4278 and 1104.
138
What is the highest common factor of 21 and 273?
21
What is the highest common factor of 21079 and 214?
107
Calculate the greatest common divisor of 2715 and 30.
15
Calculate the greatest common factor of 679 and 7.
7
Calculate the highest common factor of 1767 and 855.
57
Calculate the highest common divisor of 275 and 55.
55
Calculate the greatest common divisor of 1232 and 880.
176
What is the highest common divisor of 3012 and 12?
12
Calculate the highest common divisor of 222 and 15762.
222
Calculate the greatest common divisor of 244 and 61.
61
Calculate the greatest common factor of 62 and 1023.
31
Calculate the highest common factor of 156 and 1002.
6
What is the greatest common divisor of 100 and 14650?
50
What is the greatest common factor of 15 and 435?
15
What is the highest common divisor of 10615 and 11?
11
Calculate the highest common factor of 9840 and 40.
40
Calculate the highest common divisor of 40 and 528.
8
What is the greatest common divisor of 198 and 954?
18
What is the greatest common divisor of 610 and 30?
10
Calculate the highest common divisor of 2097 and 5825.
233
Calculate the greatest common factor of 15 and 28275.
15
What is the highest common divisor of 10379 and 194?
97
What is the highest common divisor of 6 and 354?
6
What is the greatest common factor of 6 and 488?
2
What is the highest common factor of 72 and 40?
8
What is the greatest common divisor of 121 and 11?
11
Calculate the greatest common factor of 481 and 4736.
37
Calculate the highest common factor of 226 and 2825.
113
Calculate the greatest common divisor of 1098 and 108.
18
Calculate the highest common factor of 120 and 15.
15
What is the greatest common factor of 11816 and 56?
56
What is the greatest common factor of 77 and 658?
7
What is the highest common factor of 14558 and 58?
58
What is the greatest common factor of 4023 and 135?
27
Calculate the greatest common factor of 2970 and 880.
110
What is the greatest common divisor of 55 and 55?
55
Calculate the greatest common divisor of 703 and 76.
19
Calculate the greatest common divisor of 68 and 952.
68
Calculate the greatest common factor of 4640 and 116.
116
Calculate the highest common factor of 6352 and 16.
16
Calculate the highest common factor of 3 and 3348.
3
What is the greatest common divisor of 3 and 453?
3
What is the highest common factor of 68 and 612?
68
Calculate the highest common divisor of 60 and 108.
12
What is the greatest common factor of 535 and 15?
5
Calculate the greatest common divisor of 846 and 752.
94
Calculate the greatest common factor of 60 and 12.
12
Calculate the greatest common divisor of 300 and 192.
12
What is the greatest common divisor of 2520 and 90?
90
What is the highest common factor of 608 and 19?
19
What is the highest common factor of 13 and 143?
13
What is the highest common factor of 9 and 366?
3
Calculate the highest common divisor of 14 and 1561.
7
What is the greatest common divisor of 112 and 210?
14
What is the greatest common divisor of 1617 and 33?
33
Calculate the highest common factor of 437 and 19.
19
What is the greatest common divisor of 350 and 98?
14
What is the highest common divisor of 5389 and 17?
17
Calculate the highest common factor of 66 and 165.
33
What is the highest common divisor of 8 and 12?
4
Calculate the greatest common divisor of 576 and 9.
9
What is the highest common factor of 3024 and 189?
189
Calculate the highest common divisor of 3875 and 125.
125
Calculate the greatest common divisor of 2 and 37.
1
What is the greatest common factor of 2350 and 450?
50
What is the highest common divisor of 8 and 2644?
4
What is the greatest common divisor of 1540 and 56?
28
What is the greatest common divisor of 255 and 595?
85
Calculate the highest common divisor of 630 and 70.
70
Calculate the greatest common divisor of 112 and 6.
2
What is the greatest common factor of 62090 and 70?
7